ided by 246?
242
What is the remainder when 143118 is divided by 2202?
2190
Calculate the remainder when 7775 is divided by 199.
14
What is the remainder when 2042 is divided by 144?
26
What is the remainder when 267013 is divided by 133482?
49
What is the remainder when 62897 is divided by 4830?
107
What is the remainder when 248381 is divided by 149?
147
What is the remainder when 195321 is divided by 122?
121
What is the remainder when 7003 is divided by 765?
118
Calculate the remainder when 11808609 is divided by 110.
109
Calculate the remainder when 10851 is divided by 2154.
81
Calculate the remainder when 87434 is divided by 2571.
20
What is the remainder when 166698 is divided by 153?
81
Calculate the remainder when 40410 is divided by 304.
282
What is the remainder when 57402 is divided by 1006?
60
What is the remainder when 21818 is divided by 3107?
69
What is the remainder when 6140 is divided by 604?
100
Calculate the remainder when 15035 is divided by 80.
75
What is the remainder when 29358 is divided by 636?
102
What is the remainder when 25017 is divided by 4168?
9
Calculate the remainder when 873600 is divided by 1365.
0
Calculate the remainder when 54058 is divided by 17964.
166
Calculate the remainder when 134748 is divided by 559.
29
Calculate the remainder when 13700 is divided by 100.
0
Calculate the remainder when 8885 is divided by 64.
53
What is the remainder when 19443 is divided by 256?
243
Calculate the remainder when 18113 is divided by 136.
25
Calculate the remainder when 137 is divided by 43.
8
What is the remainder when 914 is divided by 142?
62
What is the remainder when 15430 is divided by 645?
595
What is the remainder when 945 is divided by 138?
117
What is the remainder when 24982 is divided by 19?
16
Calculate the remainder when 6570 is divided by 1398.
978
Calculate the remainder when 7006 is divided by 1091.
460
Calculate the remainder when 278668 is divided by 19904.
12
Calculate the remainder when 953962 is divided by 8.
2
Calculate the remainder when 8255 is divided by 28.
23
Calculate the remainder when 1305 is divided by 432.
9
What is the remainder when 53938 is divided by 145?
143
Calculate the remainder when 10281 is divided by 244.
33
Calculate the remainder when 64125 is divided by 374.
171
Calculate the remainder when 878095 is divided by 292695.
10
Calculate the remainder when 12059 is divided by 646.
431
Calculate the remainder when 792 is divided by 413.
379
Calculate the remainder when 976 is divided by 639.
337
What is the remainder when 60535 is divided by 344?
335
What is the remainder when 21812 is divided by 21646?
166
Calculate the remainder when 41828 is divided by 317.
301
Calculate the remainder when 404502 is divided by 20225.
2
Calculate the remainder when 9633 is divided by 15.
3
What is the remainder when 809 is divided by 68?
61
Calculate the remainder when 1355 is divided by 344.
323
Calculate the remainder when 60120 is divided by 6010.
20
What is the remainder when 3189 is divided by 813?
750
Calculate the remainder when 7315 is divided by 7091.
224
What is the remainder when 19887 is divided by 423?
6
Calculate the remainder when 1354 is divided by 169.
2
Calculate the remainder when 8001 is divided by 3973.
55
What is the remainder when 1705 is divided by 81?
4
Calculate the remainder when 11289 is divided by 2755.
269
Calculate the remainder when 2199 is divided by 667.
198
What is the remainder when 551832 is divided by 2603?
2599
What is the remainder when 2640 is divided by 241?
230
Calculate the remainder when 16495917 is divided by 270.
267
Calculate the remainder when 2251 is divided by 1121.
9
What is the remainder when 50524 is divided by 14?
12
What is the remainder when 836343 is divided by 1387?
1369
What is the remainder when 4169 is divided by 88?
33
Calculate the remainder when 2870 is divided by 478.
2
Calculate the remainder when 56766 is divided by 150.
66
Calculate the remainder when 24855 is divided by 115.
15
What is the remainder when 813 is divided by 256?
45
What is the remainder when 59363 is divided by 5?
3
Calculate the remainder when 21207 is divided by 42.
39
Calculate the remainder when 886179 is divided by 295.
294
Calculate the remainder when 451093 is divided by 25.
18
Calculate the remainder when 7255 is divided by 1568.
983
What is the remainder when 15789 is divided by 141?
138
Calculate the remainder when 57702 is divided by 2060.
22
What is the remainder when 2608 is divided by 390?
268
Calculate the remainder when 24260 is divided by 45.
5
Calculate the remainder when 10036 is divided by 146.
108
What is the remainder when 463600 is divided by 29?
6
What is the remainder when 12069 is divided by 1428?
645
What is the remainder when 7647 is divided by 20?
7
Calculate the remainder when 5531 is divided by 242.
207
What is the remainder when 434976 is divided by 65?
61
Calculate the remainder when 135074 is divided by 27013.
9
What is the remainder when 59260 is divided by 1973?
70
Calculate the remainder when 9969 is divided by 335.
254
Calculate the remainder when 13397 is divided by 100.
97
What is the remainder when 7637 is divided by 2542?
11
What is the remainder when 36159 is divided by 70?
39
What is the remainder when 11441 is divided by 49?
24
Calculate the remainder when 55390 is divided by 988.
62
Calculate the remainder when 109809 is divided by 249.
0
What is the remainder when 1642 is divided by 750?
142
What is the remainder when 2372 is divided by 355?
242
What is the remainder when 427 is divided by 70?
7
Calculate the remainder when 14525 is divided by 171.
161
Calculate the remainder when 2122105 is divided by 530521.
21
What is the remainder when 127186 is divided by 50?
36
Calculate the remainder when 3374 is divided by 157.
77
What is the remainder when 116155 is divided by 71?
70
Calculate the remainder when 1990 is divided by 30.
10
Calculate the remainder when 12083 is divided by 6041.
1
Calculate the remainder when 1240 is divided by 542.
156
Calculate the remainder when 213941 is divided by 17.
13
Calculate the remainder when 469330 is divided by 475.
30
What is the remainder when 9537 is divided by 76?
37
Calculate the remainder when 13513 is divided by 85.
83
What is the remainder when 14117 is divided by 181?
180
Calculate the remainder when 60467 is divided by 663.
134
What is the remainder when 66123 is divided by 106?
85
Calculate the remainder when 64744 is divided by 32365.
14
What is the remainder when 2468636 is divided by 822878?
2
What is the remainder when 209789 is divided by 30?
29
Calculate the remainder when 11218 is divided by 1537.
459
What is the remainder when 178291 is divided by 116?
115
What is the remainder when 870 is divided by 227?
189
Calculate the remainder when 23884 is divided by 3976.
28
Calculate the remainder when 88024 is divided by 236.
232
Calculate the remainder when 45478 is divided by 71.
38
Calculate the remainder when 1272 is divided by 244.
52
Calculate the remainder when 3827 is divided by 1061.
644
Calculate the remainder when 174034 is divided by 368.
338
What is the remainder when 1176451 is divided by 603?
601
Calculate the remainder when 2140 is divided by 677.
109
What is the remainder when 1443 is divided by 237?
21
What is the remainder when 19830 is divided by 228?
222
Calculate the remainder when 11881 is divided by 42.
37
What is the remainder when 26191 is divided by 345?
316
Calculate the remainder when 1616807 is divided by 13.
10
Calculate the remainder when 14473 is divided by 49.
18
What is the remainder when 26650 is divided by 13325?
0
What is the remainder when 143 is divided by 126?
17
What is the remainder when 2835 is divided by 971?
893
Calculate the remainder when 108102 is divided by 54041.
20
What is the remainder when 32946 is divided by 8?
2
Calculate the remainder when 349 is divided by 133.
83
Calculate the remainder when 92289 is divided by 1059.
156
Calculate the remainder when 173673 is divided by 12.
9
What is the remainder when 320262 is divided by 17?
16
Calculate the remainder when 21510 is divided by 326.
320
Calculate the remainder when 21606 is divided by 830.
26
What is the remainder when 121063 is divided by 32?
7
What